{"id":19,"date":"2014-04-04T09:36:41","date_gmt":"2014-04-04T09:36:41","guid":{"rendered":"http:\/\/demo.themegrill.com\/spacious-pro\/?page_id=19"},"modified":"2022-06-10T09:03:04","modified_gmt":"2022-06-10T15:03:04","slug":"responsive-and-retina-ready","status":"publish","type":"page","link":"https:\/\/bibliocies.unan.edu.ni\/?page_id=19","title":{"rendered":"Normas APA"},"content":{"rendered":"<p><img fetchpriority=\"high\" decoding=\"async\" class=\"alignnone wp-image-562\" src=\"https:\/\/bibliocies.unan.edu.ni\/wp-content\/uploads\/2020\/07\/apa-1-300x175.jpg\" alt=\"\" width=\"696\" height=\"406\" srcset=\"https:\/\/bibliocies.unan.edu.ni\/wp-content\/uploads\/2020\/07\/apa-1-300x175.jpg 300w, https:\/\/bibliocies.unan.edu.ni\/wp-content\/uploads\/2020\/07\/apa-1-1024x598.jpg 1024w, https:\/\/bibliocies.unan.edu.ni\/wp-content\/uploads\/2020\/07\/apa-1-768x448.jpg 768w, https:\/\/bibliocies.unan.edu.ni\/wp-content\/uploads\/2020\/07\/apa-1-600x350.jpg 600w, https:\/\/bibliocies.unan.edu.ni\/wp-content\/uploads\/2020\/07\/apa-1.jpg 1131w\" sizes=\"(max-width: 696px) 100vw, 696px\" \/><\/p>\n<p>A la hora de citar y presentar la lista de referencias bibliogr\u00e1ficas puede emplearse diferentes estilos y normas internacionales de redacci\u00f3n de bibliograf\u00edas.<!--more--><\/p>\n<p>La selecci\u00f3n del estilo o norma puede venir recomendada por el tutor del trabajo en el caso de un trabajo acad\u00e9mico, o tambi\u00e9n puede ser prescrita por la propia universidad o por la revista o congreso, en caso de publicaciones de investigadores.<\/p>\n<blockquote><p>Una vez seleccionado un estilo de cita y referencia, se debe usar el mismo estilo para citar y referenciar todos los documentos a lo largo del\u00a0 trabajo.<\/p><\/blockquote>\n<p>A continuaci\u00f3n ver\u00e1 el estilo o norma APA para los diferentes tipos de fuentes de informaci\u00f3n.<br \/>\n<script>\n            (function(d){\n              var js, id = 'powr-js', ref = d.getElementsByTagName('script')[0];\n              if (d.getElementById(id)) {return;}\n              js = d.createElement('script'); js.id = id; js.async = true;\n              js.src = '\/\/www.powr.io\/powr.js?external-type=wordpress';\n              js.setAttribute('powr-token','mB7UrKxOia1479316620');\n              ref.parentNode.insertBefore(js, ref);\n            }(document));\n          <\/script><\/p>\n<h4 style=\"text-align: center;\"><span style=\"color: #0000ff;\">Libro<\/span><\/h4>\n<div id=\"14c567f9_1479317082\" class=\"powr-tabs\"><\/div>\n<h4 style=\"text-align: center;\"><span style=\"color: #0000ff;\">Cap\u00edtulo de libro<\/span><\/h4>\n<div id=\"2e6f137b_1479324242\" class=\"powr-tabs\"><\/div>\n<h4 style=\"text-align: center;\"><span style=\"color: #0000ff;\">Libro electr\u00f3nico<\/span><\/h4>\n<div id=\"32eee3e0_1479324682\" class=\"powr-tabs\"><\/div>\n<h4 class=\"s-lib-box-title\" style=\"text-align: center;\"><span style=\"color: #0000ff;\">Art\u00edculo de revista cient\u00edfica<\/span><\/h4>\n<div id=\"b342682f_1479325033\" class=\"powr-tabs\"><\/div>\n<div id=\"bca926d5_1479325524\" class=\"powr-tabs\"><\/div>\n<div id=\"s-lg-box-wrapper-12891235\" class=\"s-lg-box-wrapper-12891235\">\n<div id=\"s-lg-box-10945259-container\" class=\"s-lib-box-container\">\n<div id=\"s-lg-box-10945259\" class=\"s-lib-box s-lib-box-std\">\n<h4 class=\"s-lib-box-title\" style=\"text-align: center;\"><span style=\"color: #0000ff;\">Art\u00edculo de revista electr\u00f3nica<\/span><\/h4>\n<\/div>\n<\/div>\n<\/div>\n<div id=\"10161844_1479326466\" class=\"powr-tabs\"><\/div>\n<div id=\"bc489929_1479326768\" class=\"powr-tabs\"><\/div>\n<h4 class=\"s-lib-box-title\" style=\"text-align: center;\"><span style=\"color: #0000ff;\">Trabajo acad\u00e9mico en l\u00ednea<\/span><\/h4>\n<div id=\"95680b3a_1479327117\" class=\"powr-tabs\"><\/div>\n<h4 class=\"s-lib-box-title\" style=\"text-align: center;\"><span style=\"color: #0000ff;\">Comunicaci\u00f3n de un congreso en l\u00ednea<\/span><\/h4>\n<div id=\"6b1eedce_1479328030\" class=\"powr-tabs\"><\/div>\n<div id=\"126a37bc_1479329467\" class=\"powr-tabs\"><\/div>\n<h4 class=\"s-lg-box-wrapper-12891239\" style=\"text-align: center;\"><span style=\"color: #0000ff;\">Art\u00edculo en web \/ Post en blog<\/span><\/h4>\n<div id=\"37659eea_1479329691\" class=\"powr-tabs\"><\/div>\n<h4 class=\"s-lib-box-title\" style=\"text-align: center;\"><span style=\"color: #0000ff;\">V\u00eddeo en l\u00ednea<\/span><\/h4>\n<div id=\"1949218b_1479404979\" class=\"powr-tabs\"><\/div>\n<h4 style=\"text-align: center;\"><strong><span style=\"color: #0000ff;\">Ejemplo de Ley consultada electr\u00f3nicamente<\/span><\/strong><\/h4>\n<div id=\"6615773d_1485877348\" class=\"powr-tabs\"><\/div>\n<h4 style=\"text-align: center;\"><strong><span style=\"color: #0000ff;\">Ejemplo de correo electr\u00f3nico<\/span><\/strong><\/h4>\n<div id=\"0a2ac463_1485878322\" class=\"powr-tabs\"><\/div>\n<p style=\"text-align: left;\">Fuente: <a href=\"http:\/\/www.uc3m.es\" target=\"_blank\" rel=\"noopener noreferrer\">uc3m<\/a><\/p>\n","protected":false},"excerpt":{"rendered":"<div class='heateorSssClear'><\/div><div  class='heateor_sss_sharing_container heateor_sss_horizontal_sharing' data-heateor-sss-href='https:\/\/bibliocies.unan.edu.ni\/?page_id=19'><div class='heateor_sss_sharing_title' style=\"font-weight:bold\" ><\/div><div class=\"heateor_sss_sharing_ul\"><a aria-label=\"Facebook\" class=\"heateor_sss_facebook\" href=\"https:\/\/www.facebook.com\/sharer\/sharer.php?u=https%3A%2F%2Fbibliocies.unan.edu.ni%2Findex.php%3Frest_route%3D%252Fwp%252Fv2%252Fpages%252F19\" title=\"Facebook\" rel=\"nofollow noopener\" target=\"_blank\" style=\"font-size:32px!important;box-shadow:none;display:inline-block;vertical-align:middle\"><span class=\"heateor_sss_svg\" style=\"background-color:#0765FE;width:35px;height:35px;border-radius:999px;display:inline-block;opacity:1;float:left;font-size:32px;box-shadow:none;display:inline-block;font-size:16px;padding:0 4px;vertical-align:middle;background-repeat:repeat;overflow:hidden;padding:0;cursor:pointer;box-sizing:content-box\"><svg style=\"display:block;border-radius:999px;\" focusable=\"false\" aria-hidden=\"true\" xmlns=\"http:\/\/www.w3.org\/2000\/svg\" width=\"100%\" height=\"100%\" viewBox=\"0 0 32 32\"><path fill=\"#fff\" d=\"M28 16c0-6.627-5.373-12-12-12S4 9.373 4 16c0 5.628 3.875 10.35 9.101 11.647v-7.98h-2.474V16H13.1v-1.58c0-4.085 1.849-5.978 5.859-5.978.76 0 2.072.15 2.608.298v3.325c-.283-.03-.775-.045-1.386-.045-1.967 0-2.728.745-2.728 2.683V16h3.92l-.673 3.667h-3.247v8.245C23.395 27.195 28 22.135 28 16Z\"><\/path><\/svg><\/span><\/a><a aria-label=\"Youtube\" class=\"heateor_sss_button_youtube\" href=\"\" title=\"Youtube\" rel=\"nofollow noopener\" target=\"_blank\" style=\"font-size:32px!important;box-shadow:none;display:inline-block;vertical-align:middle\"><span class=\"heateor_sss_svg heateor_sss_s__default heateor_sss_s_youtube\" style=\"background-color:red;width:35px;height:35px;border-radius:999px;display:inline-block;opacity:1;float:left;font-size:32px;box-shadow:none;display:inline-block;font-size:16px;padding:0 4px;vertical-align:middle;background-repeat:repeat;overflow:hidden;padding:0;cursor:pointer;box-sizing:content-box\"><svg style=\"display:block;border-radius:999px;\" focusable=\"false\" aria-hidden=\"true\" xmlns=\"http:\/\/www.w3.org\/2000\/svg\" width=\"100%\" height=\"100%\" viewBox=\"0 0 32 32\"><path fill=\"#fff\" d=\"M26.78 11.6s-.215-1.515-.875-2.183c-.837-.876-1.774-.88-2.204-.932-3.075-.222-7.693-.222-7.693-.222h-.01s-4.618 0-7.697.222c-.43.05-1.368.056-2.205.932-.66.668-.874 2.184-.874 2.184S5 13.386 5 15.166v1.67c0 1.78.22 3.56.22 3.56s.215 1.516.874 2.184c.837.875 1.936.85 2.426.94 1.76.17 7.48.22 7.48.22s4.623-.007 7.7-.23c.43-.05 1.37-.056 2.205-.932.66-.668.875-2.184.875-2.184s.22-1.78.22-3.56v-1.67c0-1.78-.22-3.56-.22-3.56zm-13.052 7.254v-6.18l5.944 3.1-5.944 3.08z\"><\/path><\/svg><\/span><\/a><a aria-label=\"Linkedin\" class=\"heateor_sss_button_linkedin\" href=\"https:\/\/www.linkedin.com\/sharing\/share-offsite\/?url=https%3A%2F%2Fbibliocies.unan.edu.ni%2Findex.php%3Frest_route%3D%252Fwp%252Fv2%252Fpages%252F19\" title=\"Linkedin\" rel=\"nofollow noopener\" target=\"_blank\" style=\"font-size:32px!important;box-shadow:none;display:inline-block;vertical-align:middle\"><span class=\"heateor_sss_svg heateor_sss_s__default heateor_sss_s_linkedin\" style=\"background-color:#0077b5;width:35px;height:35px;border-radius:999px;display:inline-block;opacity:1;float:left;font-size:32px;box-shadow:none;display:inline-block;font-size:16px;padding:0 4px;vertical-align:middle;background-repeat:repeat;overflow:hidden;padding:0;cursor:pointer;box-sizing:content-box\"><svg style=\"display:block;border-radius:999px;\" focusable=\"false\" aria-hidden=\"true\" xmlns=\"http:\/\/www.w3.org\/2000\/svg\" width=\"100%\" height=\"100%\" viewBox=\"0 0 32 32\"><path d=\"M6.227 12.61h4.19v13.48h-4.19V12.61zm2.095-6.7a2.43 2.43 0 0 1 0 4.86c-1.344 0-2.428-1.09-2.428-2.43s1.084-2.43 2.428-2.43m4.72 6.7h4.02v1.84h.058c.56-1.058 1.927-2.176 3.965-2.176 4.238 0 5.02 2.792 5.02 6.42v7.395h-4.183v-6.56c0-1.564-.03-3.574-2.178-3.574-2.18 0-2.514 1.7-2.514 3.46v6.668h-4.187V12.61z\" fill=\"#fff\"><\/path><\/svg><\/span><\/a><\/div><div class=\"heateorSssClear\"><\/div><\/div><div class='heateorSssClear'><\/div><p>A la hora de citar y presentar la lista de referencias bibliogr\u00e1ficas puede emplearse diferentes estilos y normas internacionales de redacci\u00f3n de bibliograf\u00edas.<\/p>\n","protected":false},"author":1,"featured_media":556,"parent":0,"menu_order":0,"comment_status":"open","ping_status":"open","template":"","meta":{"footnotes":""},"class_list":["post-19","page","type-page","status-publish","has-post-thumbnail","hentry","","tg-column-two"],"_links":{"self":[{"href":"https:\/\/bibliocies.unan.edu.ni\/index.php?rest_route=\/wp\/v2\/pages\/19","targetHints":{"allow":["GET"]}}],"collection":[{"href":"https:\/\/bibliocies.unan.edu.ni\/index.php?rest_route=\/wp\/v2\/pages"}],"about":[{"href":"https:\/\/bibliocies.unan.edu.ni\/index.php?rest_route=\/wp\/v2\/types\/page"}],"author":[{"embeddable":true,"href":"https:\/\/bibliocies.unan.edu.ni\/index.php?rest_route=\/wp\/v2\/users\/1"}],"replies":[{"embeddable":true,"href":"https:\/\/bibliocies.unan.edu.ni\/index.php?rest_route=%2Fwp%2Fv2%2Fcomments&post=19"}],"version-history":[{"count":12,"href":"https:\/\/bibliocies.unan.edu.ni\/index.php?rest_route=\/wp\/v2\/pages\/19\/revisions"}],"predecessor-version":[{"id":838,"href":"https:\/\/bibliocies.unan.edu.ni\/index.php?rest_route=\/wp\/v2\/pages\/19\/revisions\/838"}],"wp:featuredmedia":[{"embeddable":true,"href":"https:\/\/bibliocies.unan.edu.ni\/index.php?rest_route=\/wp\/v2\/media\/556"}],"wp:attachment":[{"href":"https:\/\/bibliocies.unan.edu.ni\/index.php?rest_route=%2Fwp%2Fv2%2Fmedia&parent=19"}],"curies":[{"name":"wp","href":"https:\/\/api.w.org\/{rel}","templated":true}]}}